?
67
Calculate the remainder when 913 is divided by 865.
48
What is the remainder when 169 is divided by 159?
10
Calculate the remainder when 507081 is divided by 19.
9
Calculate the remainder when 106604 is divided by 106586.
18
Calculate the remainder when 30723 is divided by 480.
3
What is the remainder when 23218 is divided by 430?
428
Calculate the remainder when 54940 is divided by 22.
6
What is the remainder when 9032 is divided by 557?
120
What is the remainder when 18453 is divided by 9?
3
What is the remainder when 1188 is divided by 39?
18
Calculate the remainder when 16239 is divided by 83.
54
What is the remainder when 116399 is divided by 240?
239
What is the remainder when 14439 is divided by 152?
151
Calculate the remainder when 3345 is divided by 1113.
6
Calculate the remainder when 127465 is divided by 32.
9
What is the remainder when 20186 is divided by 1416?
362
What is the remainder when 49971 is divided by 23?
15
Calculate the remainder when 84614 is divided by 8.
6
Calculate the remainder when 938357 is divided by 27.
26
Calculate the remainder when 9658 is divided by 142.
2
What is the remainder when 946 is divided by 455?
36
Calculate the remainder when 46923 is divided by 281.
277
Calculate the remainder when 2945206 is divided by 409.
406
Calculate the remainder when 1072 is divided by 253.
60
Calculate the remainder when 59199 is divided by 29499.
201
What is the remainder when 62862 is divided by 338?
332
What is the remainder when 653712 is divided by 236?
228
What is the remainder when 676220 is divided by 89?
87
What is the remainder when 202475 is divided by 623?
0
What is the remainder when 88162 is divided by 14691?
16
What is the remainder when 72368 is divided by 928?
912
What is the remainder when 9462 is divided by 4628?
206
What is the remainder when 8223 is divided by 1100?
523
What is the remainder when 17614 is divided by 2201?
6
What is the remainder when 100603 is divided by 187?
184
Calculate the remainder when 11757 is divided by 2346.
27
Calculate the remainder when 386124 is divided by 5940.
24
Calculate the remainder when 7277 is divided by 13.
10
What is the remainder when 882 is divided by 310?
262
Calculate the remainder when 242817 is divided by 30.
27
What is the remainder when 5878 is divided by 826?
96
What is the remainder when 2793 is divided by 1391?
11
Calculate the remainder when 272073 is divided by 760.
753
Calculate the remainder when 25899 is divided by 603.
573
What is the remainder when 214183 is divided by 109?
107
What is the remainder when 18926 is divided by 107?
94
What is the remainder when 482091 is divided by 1262?
7
What is the remainder when 47219 is divided by 11780?
99
What is the remainder when 3484 is divided by 35?
19
Calculate the remainder when 32571 is divided by 8138.
19
What is the remainder when 11228 is divided by 5602?
24
What is the remainder when 778913 is divided by 59916?
5
Calculate the remainder when 8116 is divided by 131.
125
Calculate the remainder when 43542 is divided by 215.
112
Calculate the remainder when 365379 is divided by 19.
9
Calculate the remainder when 1242 is divided by 206.
6
What is the remainder when 1997 is divided by 331?
11
Calculate the remainder when 5783793 is divided by 9.
6
Calculate the remainder when 1240 is divided by 1220.
20
Calculate the remainder when 11410 is divided by 11409.
1
Calculate the remainder when 254512 is divided by 391.
362
What is the remainder when 1431 is divided by 171?
63
What is the remainder when 2025 is divided by 663?
36
What is the remainder when 10101 is divided by 172?
125
What is the remainder when 2110 is divided by 21?
10
Calculate the remainder when 1639 is divided by 408.
7
Calculate the remainder when 3751 is divided by 370.
51
What is the remainder when 6853 is divided by 933?
322
What is the remainder when 41681 is divided by 12?
5
What is the remainder when 242956 is divided by 80983?
7
What is the remainder when 15157 is divided by 521?
48
Calculate the remainder when 2883 is divided by 108.
75
Calculate the remainder when 12223 is divided by 648.
559
Calculate the remainder when 4600 is divided by 514.
488
What is the remainder when 12419 is divided by 27?
26
Calculate the remainder when 927071 is divided by 2146.
2145
Calculate the remainder when 10182 is divided by 203.
32
What is the remainder when 59046 is divided by 121?
119
Calculate the remainder when 184727 is divided by 91.
88
Calculate the remainder when 7374 is divided by 211.
200
Calculate the remainder when 32 is divided by 24.
8
What is the remainder when 132904 is divided by 5537?
16
What is the remainder when 6639 is divided by 1325?
14
What is the remainder when 64451 is divided by 767?
23
What is the remainder when 883 is divided by 145?
13
Calculate the remainder when 3814 is divided by 5.
4
Calculate the remainder when 356243 is divided by 583.
30
What is the remainder when 264105 is divided by 166?
165
Calculate the remainder when 770 is divided by 138.
80
What is the remainder when 81933 is divided by 1122?
27
What is the remainder when 30156 is divided by 204?
168
Calculate the remainder when 2867 is divided by 6.
5
Calculate the remainder when 1332738 is divided by 3863.
3
What is the remainder when 55669 is divided by 62?
55
What is the remainder when 5679 is divided by 945?
9
Calculate the remainder when 124 is divided by 51.
22
Calculate the remainder when 1168 is divided by 44.
24
What is the remainder when 56218 is divided by 60?
58
What is the remainder when 32592 is divided by 66?
54
Calculate the remainder when 20218 is divided by 20216.
2
Calculate the remainder when 5339 is divided by 20.
19
Calculate the remainder when 1014 is divided by 671.
343
Calculate the remainder when 38580 is divided by 1052.
708
Calculate the remainder when 3025322 is divided by 189.
188
What is the remainder when 11705 is divided by 1841?
659
Calculate the remainder when 30569 is divided by 79.
75
What is the remainder when 280070 is divided by 720?
710
What is the remainder when 8056 is divided by 108?
64
What is the remainder when 12731 is divided by 93?
83
Calculate the remainder when 78056 is divided by 413.
412
Calculate the remainder when 990316 is divided by 102.
100
Calculate the remainder when 19855 is divided by 6611.
22
What is the remainder when 5976 is divided by 5610?
366
Calculate the remainder when 566 is divided by 333.
233
Calculate the remainder when 20702 is divided by 827.
27
What is the remainder when 57853 is divided by 19?
17
What is the remainder when 438403 is divided by 18?
13
Calculate the remainder when 13574 is divided by 6778.
18
Calculate the remainder when 8626 is divided by 1236.
1210
What is the remainder when 4462 is divided by 2170?
122
Calculate the remainder when 875 is divided by 315.
245
Calculate the remainder when 671184 is divided by 78.
72
What is the remainder when 179209 is divided by 47?
45
Calculate the remainder when 199366 is divided by 49.
34
What is the remainder when 62947 is divided by 530?
407
Calculate the remainder when 326274 is divided by 173.
169
Calculate the remainder when 631420 is divided by 66.
64
Calculate the remainder when 18842 is divided by 9418.
6
Calculate the remainder when 23186 is divided by 511.
191
What is the remainder when 940 is divided by 239?
223
Calculate the remainder when 20356 is divided by 530.
216
What is the remainder when 472574 is divided by 812?
802
Calculate the remainder when 2645 is divided by 803.
236
What is the remainder when 2471 is divided by 798?
77
Calculate the remainder when 17081 is divided by 16984.
97
Calculate the remainder when 9878 is divided by 39.
11
Calculate the remainder when 1022 is divided by 29.
7
What is the remainder when 818871 is divided by 1407?
1404
What is the remainder when 2976 is divided by 2901?
75
What is the remainder when 45173 is divided by 6453?
2
Calculate the remainder when 3243 is divided by 136.
115
What is the remainder when 60866 is divided by 20274?
44
Calculate the remainder when 21464 is divided by 21455.
9
What is the remainder when 395416 is divided by 28244?
0
What is the remainder when 54398 is divided by 16?
14
What is the remainder when 71908 is divided by 178?
174